{"id":3173,"date":"2019-08-11T22:50:59","date_gmt":"2019-08-11T20:50:59","guid":{"rendered":"https:\/\/eshop-rommuz.cz\/?page_id=3173"},"modified":"2023-03-24T13:12:27","modified_gmt":"2023-03-24T12:12:27","slug":"reklamacni-rad","status":"publish","type":"page","link":"https:\/\/eshop-rommuz.cz\/?page_id=3173","title":{"rendered":"Reklama\u010dn\u00ed \u0159\u00e1d"},"content":{"rendered":"<section class=\"wpb-content-wrapper\"><p>[vc_row][vc_column][vc_column_text]<\/p>\n<h1>REKLAMA\u010cN\u00cd \u0158\u00c1D<\/h1>\n<p><strong>Muzeum romsk\u00e9 kultury, st\u00e1tn\u00ed p\u0159\u00edsp\u011bvkov\u00e1 organizace,<br \/>\n<\/strong>se s\u00eddlem Bratislavsk\u00e1 246\/67, 602 00 Brno,<br \/>\nidentifika\u010dn\u00ed \u010d\u00edslo: 712 39\u00a0812,<\/p>\n<p>z\u0159\u00edzena Ministerstvem kultury \u010cR a opr\u00e1vn\u011bna nakl\u00e1dat s majetkem st\u00e1tu dle z\u00e1kona \u010d.\u00a0219\/2000 Sb., o majetku \u010cesk\u00e9 republiky a jej\u00edm vystupov\u00e1n\u00ed v\u00a0pr\u00e1vn\u00edch vztaz\u00edch, ve zn\u011bn\u00ed pozd\u011bj\u0161\u00edch p\u0159edpis\u016f, a dle Z\u0159izovac\u00ed listiny \u010dj. 18295\/2004, ve zn\u011bn\u00ed Rozhodnut\u00ed ministryn\u011b kultury \u010d. 45\/2012 ze dne 20.12.2012 a ve zn\u011bn\u00ed Rozhodnut\u00ed ministra kultury \u010d.\u00a018\/2017 ze dne\u00a026.10.2017 (d\u00e1le jen <em>\u201e<strong>prod\u00e1vaj\u00edc\u00ed<\/strong>\u201c)<\/em>.<\/p>\n<p><strong>1. \u00daVODN\u00cd USTANOVEN\u00cd<\/strong><\/p>\n<ul>\n<li style=\"list-style-type: none;\">\n<ul>\n<li>Tento reklama\u010dn\u00ed \u0159\u00e1d (d\u00e1le jen <em>\u201e<strong>reklama\u010dn\u00ed \u0159\u00e1d<\/strong>\u201c<\/em>)prod\u00e1vaj\u00edc\u00edho upravuje v\u00a0souladu se z\u00e1konem \u010d. 89\/2012 Sb., ob\u010dansk\u00fd z\u00e1kon\u00edk, ve zn\u011bn\u00ed pozd\u011bj\u0161\u00edch p\u0159edpis\u016f (d\u00e1le jen <em>\u201e<strong>ob\u010dansk\u00fd z\u00e1kon\u00edk<\/strong>\u201c<\/em>) a v\u00a0souladu se z\u00e1konem \u010d. 634\/1992 Sb., o\u00a0ochran\u011b spot\u0159ebitele, ve zn\u011bn\u00ed pozd\u011bj\u0161\u00edch p\u0159edpis\u016f, rozsah, podm\u00ednky a zp\u016fsob uplatn\u011bn\u00ed pr\u00e1va z\u00a0vad zbo\u017e\u00ed (d\u00e1le jen <em>\u201e<strong>reklamace<\/strong>\u201c<\/em>) plynouc\u00edho z\u00a0kupn\u00ed smlouvy (d\u00e1le jen <em>\u201e<strong>kupn\u00ed smlouva<\/strong>\u201c<\/em>) uzav\u00edran\u00e9 mezi prod\u00e1vaj\u00edc\u00edm a jinou fyzickou osobou (d\u00e1le jen <em>\u201e<strong>kupuj\u00edc\u00ed<\/strong>\u201c<\/em>) prost\u0159ednictv\u00edm internetov\u00e9ho obchodu prod\u00e1vaj\u00edc\u00edho um\u00edst\u011bn\u00e9ho na internetov\u00e9 adrese <a href=\"https:\/\/eshop-rommuz.cz\">https:\/\/eshop-rommuz.cz<\/a><u>.<\/u><\/li>\n<li>Reklama\u010dn\u00ed \u0159\u00e1d se nevztahuje na p\u0159\u00edpady, kdy osoba, kter\u00e1 m\u00e1 v \u00famyslu nakoupit zbo\u017e\u00ed od prod\u00e1vaj\u00edc\u00edho, je pr\u00e1vnickou osobou \u010di osobou, je\u017e jedn\u00e1 p\u0159i objedn\u00e1v\u00e1n\u00ed zbo\u017e\u00ed v r\u00e1mci sv\u00e9 podnikatelsk\u00e9 \u010dinnosti nebo v r\u00e1mci sv\u00e9ho samostatn\u00e9ho v\u00fdkonu povol\u00e1n\u00ed.<\/li>\n<\/ul>\n<\/li>\n<\/ul>\n<p><strong>2. PR\u00c1VA Z VAD<\/strong><\/p>\n<ul>\n<li>Zbo\u017e\u00ed m\u00e1 vady, zejm\u00e9na pokud nem\u00e1 vlastnosti podle ustanoven\u00ed \u00a7 2161 odst. 1 a 2 ob\u010dansk\u00e9ho z\u00e1kon\u00edku. Kupuj\u00edc\u00ed m\u016f\u017ee vytknout vadu, kter\u00e1 se na zbo\u017e\u00ed projev\u00ed v\u00a0dob\u011b dvou let od p\u0159evzet\u00ed zbo\u017e\u00ed. Projev\u00ed-li se vada v\u00a0pr\u016fb\u011bhu jednoho roku od p\u0159evzet\u00ed zbo\u017e\u00ed, m\u00e1 se za to, \u017ee zbo\u017e\u00ed bylo vadn\u00e9 ji\u017e p\u0159i p\u0159evzet\u00ed, leda\u017ee to povaha zbo\u017e\u00ed nebo vady vylu\u010duje. Tato doba neb\u011b\u017e\u00ed po dobu, po kterou kupuj\u00edc\u00ed nem\u016f\u017ee zbo\u017e\u00ed u\u017e\u00edvat, v\u00a0p\u0159\u00edpad\u011b, \u017ee vadu vytkl opr\u00e1vn\u011bn\u011b.<\/li>\n<li>M\u00e1-li zbo\u017e\u00ed vadu, m\u016f\u017ee kupuj\u00edc\u00ed po\u017eadovat jej\u00ed odstran\u011bn\u00ed. Podle sv\u00e9 volby m\u016f\u017ee po\u017eadovat <strong>dod\u00e1n\u00ed nov\u00e9ho zbo\u017e\u00ed bez vady nebo opravu zbo\u017e\u00ed<\/strong>, leda\u017ee je zvolen\u00fd zp\u016fsob odstran\u011bn\u00ed vady nemo\u017en\u00fd nebo ve srovn\u00e1n\u00ed s\u00a0druh\u00fdm nep\u0159im\u011b\u0159en\u011b n\u00e1kladn\u00fd; to se posoud\u00ed zejm\u00e9na s\u00a0ohledem na v\u00fdznam vady, hodnotu, kterou by zbo\u017e\u00ed m\u011blo bez vady, a to, zda m\u016f\u017ee b\u00fdt druh\u00fdm zp\u016fsobem vada odstran\u011bna bez zna\u010dn\u00fdch obt\u00ed\u017e\u00ed pro kupuj\u00edc\u00edho. Prod\u00e1vaj\u00edc\u00ed m\u016f\u017ee odm\u00edtnout vadu odstranit, je-li to nemo\u017en\u00e9 nebo nep\u0159im\u011b\u0159en\u011b n\u00e1kladn\u00e9 zejm\u00e9na s\u00a0ohledem na v\u00fdznam vady a hodnotu, kterou by zbo\u017e\u00ed m\u011blo bez vady. Ustanoven\u00ed \u00a7 1923, 2106 a 2107 ob\u010dansk\u00e9ho z\u00e1kon\u00edku se nepou\u017eij\u00ed.<\/li>\n<li>Kupuj\u00edc\u00ed m\u016f\u017ee po\u017eadovat <strong>p\u0159im\u011b\u0159enou slevu nebo odstoupit od smlouvy<\/strong>, pokud:<\/li>\n<li>prod\u00e1vaj\u00edc\u00ed vadu odm\u00edtl odstranit nebo ji neodstranil v souladu s \u00a7 2170 odst. 1 a2 ob\u010dansk\u00e9ho z\u00e1kon\u00edku,<\/li>\n<li>se vada projev\u00ed opakovan\u011b,<\/li>\n<li>je vada podstatn\u00fdm poru\u0161en\u00edm smlouvy, nebo<\/li>\n<li>je z prohl\u00e1\u0161en\u00ed prod\u00e1vaj\u00edc\u00edho nebo z okolnost\u00ed zjevn\u00e9, \u017ee vada nebude odstran\u011bna v p\u0159im\u011b\u0159en\u00e9 dob\u011b nebo bez zna\u010dn\u00fdch obt\u00ed\u017e\u00ed pro kupuj\u00edc\u00edho.<\/li>\n<li>Kdo m\u00e1 pr\u00e1vo z\u00a0vadn\u00e9ho pln\u011bn\u00ed, n\u00e1le\u017e\u00ed mu i n\u00e1hrada n\u00e1klad\u016f \u00fa\u010deln\u011b vynalo\u017een\u00fdch p\u0159i uplatn\u011bn\u00ed tohoto pr\u00e1va. Neuplatn\u00ed-li v\u0161ak pr\u00e1vo na\u00a0n\u00e1hradu do jednoho m\u011bs\u00edce po uplynut\u00ed lh\u016fty, ve kter\u00e9 je t\u0159eba vytknout vadu, soud pr\u00e1vo nep\u0159izn\u00e1, pokud prod\u00e1vaj\u00edc\u00ed nam\u00edtne, \u017ee pr\u00e1vo na n\u00e1hradu nebylo uplatn\u011bno v\u010das.<\/li>\n<\/ul>\n<p><strong>3. PR\u016eB\u011aH <\/strong><strong>REKLAMACE<\/strong><\/p>\n<ul>\n<li>Reklamaci m\u016f\u017ee kupuj\u00edc\u00ed uplatnit zejm\u00e9na prost\u0159ednictv\u00edm elektronick\u00e9 po\u0161ty prod\u00e1vaj\u00edc\u00edho <a href=\"mailto:eshop@rommuz.cz\">eshop@rommuz.cz<\/a> nebo osobn\u011b v\u00a0s\u00eddle prod\u00e1vaj\u00edc\u00edho. Uplat\u0148uje-li kupuj\u00edc\u00ed reklamaci p\u00edsemn\u011b, mus\u00ed reklamace obsahovat \u010d\u00edslo objedn\u00e1vky nebo faktury, e-mailov\u00fd \u010di telefonn\u00ed kontakt na kupuj\u00edc\u00edho, popis z\u00e1vad, jak\u00fd zp\u016fsob vy\u0159\u00edzen\u00ed reklamace kupuj\u00edc\u00ed po\u017eaduje, jak\u00fdm zp\u016fsobem m\u00e1 b\u00fdt zbo\u017e\u00ed po vy\u0159\u00edzen\u00ed reklamace kupuj\u00edc\u00edmu vyd\u00e1no, p\u0159\u00edpadn\u011b na jakou adresu m\u00e1 b\u00fdt odesl\u00e1no.<\/li>\n<li>Prod\u00e1vaj\u00edc\u00ed je povinen kupuj\u00edc\u00edmu vydat p\u0159i uplatn\u011bn\u00ed reklamace p\u00edsemn\u00e9 potvrzen\u00ed, ve kter\u00e9m uvede datum, kdy kupuj\u00edc\u00ed reklamaci uplatnil, co je jej\u00edm obsahem, jak\u00fd zp\u016fsob vy\u0159\u00edzen\u00ed reklamace kupuj\u00edc\u00ed po\u017eaduje; a kontaktn\u00ed \u00fadaje kupuj\u00edc\u00edho pro \u00fa\u010dely poskytnut\u00ed informace o vy\u0159\u00edzen\u00ed reklamace. Bli\u017e\u0161\u00ed informace o stavu reklamace m\u016f\u017ee kupuj\u00edc\u00ed z\u00edskat prost\u0159ednictv\u00edm elektronick\u00e9 po\u0161ty prod\u00e1vaj\u00edc\u00edho <a href=\"mailto:eshop@rommuz.cz\">eshop@rommuz.cz<\/a>.<\/li>\n<li>Byl-li obal z\u00e1silky viditeln\u011b po\u0161kozen b\u011bhem p\u0159epravy, nebo pokud po rozbalen\u00ed z\u00e1silky bylo zji\u0161t\u011bno po\u0161kozen\u00ed zbo\u017e\u00ed, postupujte pros\u00edm podle n\u00ed\u017ee uveden\u00fdch informac\u00ed:<\/li>\n<\/ul>\n<ul>\n<li><strong>Viditeln\u00e9 po\u0161kozen\u00ed obalu z\u00e1silky p\u0159i doru\u010den\u00ed dopravcem. <\/strong>P\u0159ed p\u0159evzet\u00edm zbo\u017e\u00ed od dopravce pros\u00edm pe\u010dliv\u011b zkontrolujte obal z\u00e1silky. Pokud bude jevit zn\u00e1mky m\u00edrn\u00e9ho po\u0161kozen\u00ed (nap\u0159. prom\u00e1\u010dknut\u00e1 krabice, od\u0159eniny apod.), je nejjist\u011bj\u0161\u00ed ihned s dopravcem sepsat \u201cZ\u00e1pis o po\u0161kozen\u00e9 z\u00e1silce\u201d. Vyvarujete se t\u00edm p\u0159\u00edpadn\u00fdch spor\u016f v p\u0159\u00edpad\u011b, \u017ee bude zbo\u017e\u00ed po rozbalen\u00ed po\u0161kozen\u00e9. V\u00a0p\u0159\u00edpad\u011b, \u017ee kupuj\u00edc\u00ed sep\u00ed\u0161e uveden\u00fd \u201cZ\u00e1znam o po\u0161kozen\u00e9 z\u00e1silce\u201d, je pot\u0159eba zaslat jeho kopii p\u0159\u00edmo prod\u00e1vaj\u00edc\u00edmu, aby byla z\u00e1le\u017eitost vy\u0159\u00edzena v\u00a0co nejkrat\u0161\u00edm term\u00ednu.<\/li>\n<li><strong>Zbo\u017e\u00ed je po\u0161kozen\u00e9, ale obal z\u00e1silky byl v po\u0159\u00e1dku.<\/strong> Je-li zbo\u017e\u00ed po\u0161kozen\u00e9, p\u0159esto\u017ee obal je neporu\u0161en\u00fd, informujte o t\u00e9to skute\u010dnosti prod\u00e1vaj\u00edc\u00edho na elektronick\u00e9 adrese <u>eshop@rommuz.cz<\/u>, kde V\u00e1m prod\u00e1vaj\u00edc\u00ed individu\u00e1ln\u011b pom\u016f\u017ee. Pro snadn\u011bj\u0161\u00ed a rychlej\u0161\u00ed vy\u0159\u00edzen\u00ed reklamace doporu\u010dujeme poslat i\u00a0fotografii a\u00a0podrobn\u00fd popis po\u0161kozen\u00ed a nahl\u00e1sit po\u0161kozen\u00ed zbo\u017e\u00ed do t\u0159\u00ed (3) pracovn\u00edch dn\u016f od p\u0159evzet\u00ed zbo\u017e\u00ed.\n<ul>\n<li>Jestli\u017ee bylo kupuj\u00edc\u00edmu doru\u010deno jin\u00e9 zbo\u017e\u00ed, ne\u017e kter\u00e9 bylo kupuj\u00edc\u00edm objedn\u00e1no (nap\u0159. do\u0161lo k z\u00e1m\u011bn\u011b z\u00e1silek na stran\u011b prod\u00e1vaj\u00edc\u00edho), lze tyto z\u00e1silky reklamovat postupem dle tohoto reklama\u010dn\u00edho \u0159\u00e1du.<\/li>\n<li>Kupuj\u00edc\u00ed je povinen p\u0159edat zbo\u017e\u00ed k vy\u0159\u00edzen\u00ed reklamace kompletn\u00ed. V p\u0159\u00edpad\u011b, \u017ee kupuj\u00edc\u00ed nedod\u00e1 zbo\u017e\u00ed kompletn\u00ed a jeho kompletnost je nezbytn\u00e1 ke zji\u0161t\u011bn\u00ed existence reklamovan\u00e9 vady a\/nebo k jej\u00edmu odstran\u011bn\u00ed, b\u011bh lh\u016fty pro vy\u0159\u00edzen\u00ed reklamace za\u010d\u00edn\u00e1 a\u017e dod\u00e1n\u00edm chyb\u011bj\u00edc\u00edch \u010d\u00e1st\u00ed. V p\u0159\u00edpad\u011b, \u017ee kupuj\u00edc\u00ed zbo\u017e\u00ed reklamoval a prod\u00e1vaj\u00edc\u00ed se nenab\u00eddl, \u017ee si zbo\u017e\u00ed s\u00e1m vyzvedne, za\u0161le nebo p\u0159ed\u00e1 zbo\u017e\u00ed kupuj\u00edc\u00ed prod\u00e1vaj\u00edc\u00edmu na adrese Muzeum romsk\u00e9 kultury, Bratislavsk\u00e1 246\/67, 602 00 Brno, , v\u00a0n\u00ed\u017e je p\u0159ijet\u00ed reklamace mo\u017en\u00e9 s\u00a0ohledem na sortiment prod\u00e1van\u00fdch v\u00fdrobk\u016f nebo poskytovan\u00fdch slu\u017eeb, a to v\u00a0pracovn\u00edch dnech mimo pond\u011bl\u00ed v\u00a0\u010dase 10:00 \u2013 15:00 hodin.<\/li>\n<li>Dopravu reklamovan\u00e9ho zbo\u017e\u00ed prod\u00e1vaj\u00edc\u00edmu hrad\u00ed kupuj\u00edc\u00ed, v p\u0159\u00edpad\u011b uzn\u00e1n\u00ed opr\u00e1vn\u011bnosti reklamace m\u016f\u017ee po\u017e\u00e1dat o \u00fahradu n\u00e1klad\u016f vznikl\u00fdch dopravou reklamovan\u00e9ho zbo\u017e\u00ed dle \u010dl. 2 odst. 4 reklama\u010dn\u00edho \u0159\u00e1du. Prod\u00e1vaj\u00edc\u00ed doporu\u010duje kupuj\u00edc\u00edmu zas\u00edlan\u00e9 zbo\u017e\u00ed pojistit. Je-li sn\u00ed\u017eena hodnota vr\u00e1cen\u00e9ho zbo\u017e\u00ed, zejm\u00e9na je-li zbo\u017e\u00ed po\u0161kozen\u00e9, nefunk\u010dn\u00ed, vykazuje mechanickou \u010di jinou z\u00e1vadu, je ne\u00fapln\u00e9, opot\u0159eben\u00e9 \u010di naru\u0161en\u00e9, odpov\u00edd\u00e1 kupuj\u00edc\u00ed za takov\u00e9 sn\u00ed\u017een\u00ed hodnoty, kter\u00e9 vzniklo v\u00a0d\u016fsledku nakl\u00e1d\u00e1n\u00ed s\u00a0t\u00edmto zbo\u017e\u00edm jinak, ne\u017e je nutn\u00e9 k\u00a0tomu, aby se sezn\u00e1mil s\u00a0povahou, vlastnostmi a funk\u010dnostmi zbo\u017e\u00ed. Za p\u0159\u00edpadn\u00e9 po\u0161kozen\u00ed \u010di ztr\u00e1tu p\u0159i p\u0159eprav\u011b nese odpov\u011bdnost v\u00a0souladu s\u00a0ustanoven\u00edm \u00a7 1833 ob\u010dansk\u00e9ho z\u00e1kon\u00edku kupuj\u00edc\u00ed.<\/li>\n<li>V p\u0159\u00edpad\u011b opr\u00e1vn\u011bn\u00e9 reklamace prod\u00e1vaj\u00edc\u00ed uhrad\u00ed kupuj\u00edc\u00edmu n\u00e1klady na po\u0161tovn\u00e9 vznikl\u00e9 zasl\u00e1n\u00edm reklamovan\u00e9ho zbo\u017e\u00ed zp\u011bt prod\u00e1vaj\u00edc\u00edmu a dal\u0161\u00ed n\u00e1klady \u00fa\u010deln\u011b vynalo\u017een\u00e9 na uplatn\u011bn\u00ed reklamace. N\u00e1hrada po\u0161tovn\u00e9ho a dal\u0161\u00edch \u00fa\u010deln\u011b vynalo\u017een\u00fdch n\u00e1klad\u016f bude kupuj\u00edc\u00edmu p\u0159evedena na bankovn\u00ed \u00fa\u010det spole\u010dn\u011b s\u00a0\u010d\u00e1stkou za reklamovan\u00e9 zbo\u017e\u00ed.<\/li>\n<li>O vy\u0159\u00edzen\u00ed reklamace informuje prod\u00e1vaj\u00edc\u00ed kupuj\u00edc\u00edho e-mailem nebo telefonicky. Vy\u0159\u00edzen\u00ed reklamace prob\u011bhne bez zbyte\u010dn\u00e9ho odkladu, nejpozd\u011bji do 30 dn\u016f ode dne uplatn\u011bn\u00ed reklamace, pokud se z\u00fa\u010dastn\u011bn\u00e9 strany nedohodnou jinak. Lh\u016fta pro vy\u0159\u00edzen\u00ed reklamace za\u010d\u00edn\u00e1 b\u011b\u017eet n\u00e1sleduj\u00edc\u00ed den po uplatn\u011bn\u00ed reklamace v\u00a0souladu s\u00a0ustanoven\u00edm \u00a7 605 ob\u010dansk\u00e9ho z\u00e1kon\u00edku. Po marn\u00e9m uplynut\u00ed t\u00e9to lh\u016fty se kupuj\u00edc\u00edmu p\u0159izn\u00e1vaj\u00ed stejn\u00e1 pr\u00e1va jako by se jednalo o podstatn\u00e9 poru\u0161en\u00ed smlouvy.<\/li>\n<li>Prod\u00e1vaj\u00edc\u00ed kupuj\u00edc\u00edmu reklamovan\u00e9 zbo\u017e\u00ed vyd\u00e1, p\u0159\u00edpadn\u011b ode\u0161le na adresu uvedenou v\u00a0p\u00edsemn\u00e9m uplatn\u011bn\u00ed reklamace dle \u010dl. 3 odst. 1 reklama\u010dn\u00edho \u0159\u00e1du. Reklamovan\u00e9 opraven\u00e9 nebo vym\u011bn\u011bn\u00e9 zbo\u017e\u00ed bude zasl\u00e1no kupuj\u00edc\u00edm zp\u011bt na n\u00e1klady prod\u00e1vaj\u00edc\u00edho.<\/li>\n<\/ul>\n<\/li>\n<\/ul>\n<p><strong>4. OSTATN\u00cd UJEDN\u00c1N\u00cd<\/strong><\/p>\n<ul>\n<li>Ustanoven\u00ed reklama\u010dn\u00edho \u0159\u00e1du jsou ned\u00edlnou sou\u010d\u00e1st\u00ed obchodn\u00edch podm\u00ednek prod\u00e1vaj\u00edc\u00edho. Uzav\u0159en\u00edm kupn\u00ed smlouvy kupuj\u00edc\u00ed vyjad\u0159uje souhlas s obchodn\u00edmi podm\u00ednkami prod\u00e1vaj\u00edc\u00edho a s t\u00edmto reklama\u010dn\u00edm \u0159\u00e1dem a potvrzuje, \u017ee je s\u00a0nimi \u0159\u00e1dn\u011b sezn\u00e1men.<\/li>\n<li>Zn\u011bn\u00ed reklama\u010dn\u00edho \u0159\u00e1du m\u016f\u017ee prod\u00e1vaj\u00edc\u00ed m\u011bnit \u010di dopl\u0148ovat. T\u00edmto ustanoven\u00edm nejsou dot\u010dena pr\u00e1va a povinnosti vznikl\u00e1 po dobu \u00fa\u010dinnosti p\u0159edchoz\u00edho zn\u011bn\u00ed reklama\u010dn\u00edho \u0159\u00e1du.<\/li>\n<\/ul>\n<p>&nbsp;<\/p>\n<h2><a href=\"https:\/\/eshop-rommuz.cz\/wp-content\/uploads\/2023\/03\/Formular-pro-odstoupeni-od-smlouvy-MRK-230215.docx\" target=\"_blank\" rel=\"noopener\">Vzorov\u00fd formul\u00e1\u0159 pro odstoupen\u00ed od kupn\u00ed smlouvy<\/a><\/h2>\n<p>V Brn\u011b dne 06.01.2023[\/vc_column_text][\/vc_column][\/vc_row]<\/p>\n<\/section>","protected":false},"excerpt":{"rendered":"<p>[vc_row][vc_column][vc_column_text] REKLAMA\u010cN\u00cd \u0158\u00c1D Muzeum romsk\u00e9 kultury, st\u00e1tn\u00ed p\u0159\u00edsp\u011bvkov\u00e1 organizace, se s\u00eddlem Bratislavsk\u00e1 246\/67, 602 00 Brno, identifika\u010dn\u00ed \u010d\u00edslo: 712 39\u00a0812, z\u0159\u00edzena Ministerstvem kultury \u010cR a opr\u00e1vn\u011bna nakl\u00e1dat s majetkem st\u00e1tu dle z\u00e1kona \u010d.\u00a0219\/2000 Sb., o majetku \u010cesk\u00e9 republiky a jej\u00edm vystupov\u00e1n\u00ed v\u00a0pr\u00e1vn\u00edch vztaz\u00edch, ve zn\u011bn\u00ed pozd\u011bj\u0161\u00edch p\u0159edpis\u016f, a dle Z\u0159izovac\u00ed listiny \u010dj. 18295\/2004, ve zn\u011bn\u00ed [&hellip;]<\/p>\n","protected":false},"author":1,"featured_media":0,"parent":0,"menu_order":0,"comment_status":"closed","ping_status":"closed","template":"","meta":{"footnotes":""},"yst_prominent_words":[],"class_list":["post-3173","page","type-page","status-publish","hentry"],"_links":{"self":[{"href":"https:\/\/eshop-rommuz.cz\/index.php?rest_route=\/wp\/v2\/pages\/3173","targetHints":{"allow":["GET"]}}],"collection":[{"href":"https:\/\/eshop-rommuz.cz\/index.php?rest_route=\/wp\/v2\/pages"}],"about":[{"href":"https:\/\/eshop-rommuz.cz\/index.php?rest_route=\/wp\/v2\/types\/page"}],"author":[{"embeddable":true,"href":"https:\/\/eshop-rommuz.cz\/index.php?rest_route=\/wp\/v2\/users\/1"}],"replies":[{"embeddable":true,"href":"https:\/\/eshop-rommuz.cz\/index.php?rest_route=%2Fwp%2Fv2%2Fcomments&post=3173"}],"version-history":[{"count":17,"href":"https:\/\/eshop-rommuz.cz\/index.php?rest_route=\/wp\/v2\/pages\/3173\/revisions"}],"predecessor-version":[{"id":6104,"href":"https:\/\/eshop-rommuz.cz\/index.php?rest_route=\/wp\/v2\/pages\/3173\/revisions\/6104"}],"wp:attachment":[{"href":"https:\/\/eshop-rommuz.cz\/index.php?rest_route=%2Fwp%2Fv2%2Fmedia&parent=3173"}],"wp:term":[{"taxonomy":"yst_prominent_words","embeddable":true,"href":"https:\/\/eshop-rommuz.cz\/index.php?rest_route=%2Fwp%2Fv2%2Fyst_prominent_words&post=3173"}],"curies":[{"name":"wp","href":"https:\/\/api.w.org\/{rel}","templated":true}]}}